{"id":5427,"date":"2024-12-01T22:43:06","date_gmt":"2024-12-01T20:43:06","guid":{"rendered":"https:\/\/audioconsulting.eu\/shop\/?post_type=product&#038;p=5427"},"modified":"2024-12-01T22:47:38","modified_gmt":"2024-12-01T20:47:38","slug":"spl-performer-s900","status":"publish","type":"product","link":"https:\/\/audioconsulting.eu\/shop\/produkt\/spl-performer-s900\/","title":{"rendered":"SPL Performer s900"},"content":{"rendered":"<div class=\"elementor-column elementor-col-50 elementor-inner-column elementor-element elementor-element-d6a9e2a\" data-id=\"d6a9e2a\" data-element_type=\"column\">\n<div class=\"elementor-widget-wrap elementor-element-populated\">\n<div class=\"elementor-element elementor-element-6e62a80 elementor-widget elementor-widget-text-editor is-mac\" data-id=\"6e62a80\" data-element_type=\"widget\" data-widget_type=\"text-editor.default\">\n<div class=\"elementor-widget-container\">\n<div class=\"elementor-column elementor-col-50 elementor-inner-column elementor-element elementor-element-6077c47\" data-id=\"6077c47\" data-element_type=\"column\">\n<div class=\"elementor-widget-wrap elementor-element-populated\">\n<div class=\"elementor-element elementor-element-93b4e92 elementor-widget elementor-widget-heading is-mac\" data-id=\"93b4e92\" data-element_type=\"widget\" data-widget_type=\"heading.default\">\n<div class=\"elementor-widget-container\">\n<div class=\"elementor-column elementor-col-50 elementor-inner-column elementor-element elementor-element-6077c47\" data-id=\"6077c47\" data-element_type=\"column\">\n<div class=\"elementor-widget-wrap elementor-element-populated\">\n<div class=\"elementor-element elementor-element-93b4e92 elementor-widget elementor-widget-heading is-mac\" data-id=\"93b4e92\" data-element_type=\"widget\" data-widget_type=\"heading.default\">\n<div class=\"elementor-widget-container\">\n<div class=\"elementor-column elementor-col-50 elementor-inner-column elementor-element elementor-element-7528e85\" data-id=\"7528e85\" data-element_type=\"column\">\n<div class=\"elementor-widget-wrap elementor-element-populated\">\n<div class=\"elementor-element elementor-element-36a86e6 elementor-widget elementor-widget-heading is-mac\" data-id=\"36a86e6\" data-element_type=\"widget\" data-widget_type=\"heading.default\">\n<div class=\"elementor-widget-container\">\n<section class=\"elementor-section elementor-top-section elementor-element elementor-element-6eb9117 elementor-section-boxed elementor-section-height-default elementor-section-height-default\" data-id=\"6eb9117\" data-element_type=\"section\">\n<div class=\"elementor-container elementor-column-gap-default\">\n<div class=\"elementor-column elementor-col-100 elementor-top-column elementor-element elementor-element-2ce9371\" data-id=\"2ce9371\" data-element_type=\"column\">\n<div class=\"elementor-widget-wrap elementor-element-populated\">\n<div class=\"elementor-element elementor-element-33e696a elementor-widget elementor-widget-heading is-mac\" data-id=\"33e696a\" data-element_type=\"widget\" data-widget_type=\"heading.default\">\n<div class=\"elementor-widget-container\">\n<h3 class=\"elementor-heading-title elementor-size-default\">Mittendrin \u2013 Mit gro\u00dfem Klang!<\/h3>\n<\/div>\n<\/div>\n<\/div>\n<\/div>\n<\/div>\n<\/section>\n<section class=\"elementor-section elementor-top-section elementor-element elementor-element-8ec020a elementor-section-boxed elementor-section-height-default elementor-section-height-default\" data-id=\"8ec020a\" data-element_type=\"section\">\n<div class=\"elementor-container elementor-column-gap-default\">\n<div class=\"elementor-column elementor-col-100 elementor-top-column elementor-element elementor-element-13ea7b4\" data-id=\"13ea7b4\" data-element_type=\"column\">\n<div class=\"elementor-widget-wrap elementor-element-populated\">\n<div class=\"elementor-element elementor-element-b0f71d3 elementor-widget elementor-widget-text-editor is-mac\" data-id=\"b0f71d3\" data-element_type=\"widget\" data-widget_type=\"text-editor.default\">\n<div class=\"elementor-widget-container\">\n<p>Die mittlere SPL Stereo-Endstufe Performer s900 basiert in Punkto Komponentenauswahl sowie dem konzeptionellen Aufbau auf der gro\u00dfen SPL Performer\u00a0s1200 Stereo-Endstufe.<\/p>\n<p>Hier trifft klangliche Gr\u00f6\u00dfe auf Leistungsdaten die perfekt zu hochaufl\u00f6senden aber nicht \u00fcberm\u00e4\u00dfig leistungshungrigen Lautsprechern jeder Gr\u00f6\u00dfe passen. Mit einer Verst\u00e4rkerleistung von 2 x 370\u00a0W (4\u00a0\u03a9) [2 x 420\u00a0W (2\u00a0\u03a9); 2 x 200\u00a0W (8\u00a0\u03a9)] h\u00e4lt sie wahrlich genug Leistungsreserven bereit, um jeden Lautsprecher kraftvoll zu f\u00fchren.<\/p>\n<p>Die Performer\u00a0s900 Stereo-Endstufe hat trotz ihrer kompakten Bauh\u00f6he Dank<br \/>\nSPL VOLTAiR-Technologie einen Headroom der seines gleichen sucht und verw\u00f6hnt mit einem detailreichen, lebendigen, ehrlichen und musikalisch \u00fcberragendem Klang.<\/p>\n<p>&nbsp;<\/p>\n<\/div>\n<\/div>\n<\/div>\n<\/div>\n<\/div>\n<\/section>\n<h4 class=\"elementor-heading-title elementor-size-default\">Spielt in seiner eigenen Klasse<\/h4>\n<\/div>\n<\/div>\n<div class=\"elementor-element elementor-element-6e62a80 elementor-widget elementor-widget-text-editor is-mac\" data-id=\"6e62a80\" data-element_type=\"widget\" data-widget_type=\"text-editor.default\">\n<div class=\"elementor-widget-container\">\n<div class=\"elementor-element elementor-element-6e62a80 elementor-widget elementor-widget-text-editor is-mac\" data-id=\"6e62a80\" data-element_type=\"widget\" data-widget_type=\"text-editor.default\">\n<div class=\"elementor-widget-container\">\n<p>Herk\u00f6mmliche Solid-State-Endstufen arbeiten schnell im Grenzbereich der verwendeten Bauteile \u2013 es entstehen unsch\u00f6ne Verzerrungen. R\u00f6hren-Endstufen verzerren in diesem Grenzbereich ebenfalls \u2013 allerdings \u00e4u\u00dfert sich dies durch ein eher weicher verzeichnetes Klangbild.<\/p>\n<p>Dank VOLTAiR-Technologie kann der Performer\u00a0s900 wesentlich h\u00f6here Pegel verzerrungsfrei verarbeiten. Alle Bauteile arbeiten kontinuierlich im optimalen Arbeitsbereich. Das Resultat ist ein sehr angenehmes, nat\u00fcrliches und entspanntes Klangerlebnis. Genie\u00dfen sie Ihre Musik in jedem Detail und das ohne H\u00f6rerm\u00fcdung.<\/p>\n<p>&nbsp;<\/p>\n<div class=\"elementor-column elementor-col-50 elementor-inner-column elementor-element elementor-element-602b878\" data-id=\"602b878\" data-element_type=\"column\">\n<div class=\"elementor-widget-wrap elementor-element-populated\">\n<div class=\"elementor-element elementor-element-a301190 elementor-widget elementor-widget-heading is-mac\" data-id=\"a301190\" data-element_type=\"widget\" data-widget_type=\"heading.default\">\n<div class=\"elementor-widget-container\">\n<h4 class=\"elementor-heading-title elementor-size-default\">Volle Kraft voraus<\/h4>\n<\/div>\n<\/div>\n<div class=\"elementor-element elementor-element-88b970a elementor-widget elementor-widget-text-editor is-mac\" data-id=\"88b970a\" data-element_type=\"widget\" data-widget_type=\"text-editor.default\">\n<div class=\"elementor-widget-container\">\n<p>Im Performer\u00a0s900 sorgen separierte Spannungs- und Leistungsverst\u00e4rkungsstufen f\u00fcr einen stabilen Arbeitspunkt der in Class-AB-Technik arbeitenden Verst\u00e4rker-Schaltung. Dank des jeweils eigenen Gegenkopplungspfads werden so au\u00dferdem R\u00fcckwirkungen vom Lautsprecher auf die Eingangstufe ausgeschlossen. So kann die SPL VOLTAiR-Technologie ihre volle Performance ausspielen.<\/p>\n<p>&nbsp;<\/p>\n<section class=\"elementor-section elementor-top-section elementor-element elementor-element-7fe5148 elementor-section-boxed elementor-section-height-default elementor-section-height-default\" data-id=\"7fe5148\" data-element_type=\"section\">\n<div class=\"elementor-container elementor-column-gap-default\">\n<div class=\"elementor-column elementor-col-100 elementor-top-column elementor-element elementor-element-9229c53\" data-id=\"9229c53\" data-element_type=\"column\">\n<div class=\"elementor-widget-wrap elementor-element-populated\">\n<section class=\"elementor-section elementor-inner-section elementor-element elementor-element-3ede3fa elementor-reverse-mobile elementor-section-full_width elementor-section-height-default elementor-section-height-default\" data-id=\"3ede3fa\" data-element_type=\"section\">\n<div class=\"elementor-container elementor-column-gap-wide\">\n<div class=\"elementor-column elementor-col-100 elementor-inner-column elementor-element elementor-element-56b807a\" data-id=\"56b807a\" data-element_type=\"column\">\n<div class=\"elementor-widget-wrap elementor-element-populated\">\n<div class=\"elementor-element elementor-element-4990060 elementor-widget elementor-widget-heading is-mac\" data-id=\"4990060\" data-element_type=\"widget\" data-widget_type=\"heading.default\">\n<div class=\"elementor-widget-container\">\n<h4 class=\"elementor-heading-title elementor-size-default\">Freie Auswahl<\/h4>\n<\/div>\n<\/div>\n<div class=\"elementor-element elementor-element-5335e29 elementor-widget elementor-widget-text-editor is-mac\" data-id=\"5335e29\" data-element_type=\"widget\" data-widget_type=\"text-editor.default\">\n<div class=\"elementor-widget-container\">\n<p>Der Performer\u00a0s900 hat je ein Stereo-Paar XLR- und RCA-Eing\u00e4nge.<br \/>\nSo ist er ohne Einsatz von Adaptern zu allen Vorstufen auf dem Markt kompatibel.<br \/>\n\u00dcber den r\u00fcckseitigen Input Select Schalter kann der entsprechende Stereo-Eingang ausgew\u00e4hlt werden.<\/p>\n<\/div>\n<\/div>\n<\/div>\n<\/div>\n<\/div>\n<\/section>\n<\/div>\n<\/div>\n<\/div>\n<\/section>\n<\/div>\n<\/div>\n<\/div>\n<\/div>\n<\/div>\n<\/div>\n<p>Erh\u00e4ltlich in silber, blau oder rot. Bitte bei Bestellung Farbwunsch angeben.<\/p>\n<\/div>\n<\/div>\n<\/div>\n<\/div>\n<\/div>\n<\/div>\n<\/div>\n<\/div>\n<p><img loading=\"lazy\" decoding=\"async\" class=\"alignleft wp-image-5407\" src=\"https:\/\/audioconsulting.eu\/shop\/wp-content\/uploads\/2024\/12\/SPL_Authorized_Dealer_HiFi.jpg\" alt=\"\" width=\"247\" height=\"247\" srcset=\"https:\/\/audioconsulting.eu\/shop\/wp-content\/uploads\/2024\/12\/SPL_Authorized_Dealer_HiFi.jpg 600w, https:\/\/audioconsulting.eu\/shop\/wp-content\/uploads\/2024\/12\/SPL_Authorized_Dealer_HiFi-300x300.jpg 300w, https:\/\/audioconsulting.eu\/shop\/wp-content\/uploads\/2024\/12\/SPL_Authorized_Dealer_HiFi-80x80.jpg 80w, https:\/\/audioconsulting.eu\/shop\/wp-content\/uploads\/2024\/12\/SPL_Authorized_Dealer_HiFi-36x36.jpg 36w, https:\/\/audioconsulting.eu\/shop\/wp-content\/uploads\/2024\/12\/SPL_Authorized_Dealer_HiFi-180x180.jpg 180w, https:\/\/audioconsulting.eu\/shop\/wp-content\/uploads\/2024\/12\/SPL_Authorized_Dealer_HiFi-120x120.jpg 120w, https:\/\/audioconsulting.eu\/shop\/wp-content\/uploads\/2024\/12\/SPL_Authorized_Dealer_HiFi-450x450.jpg 450w, https:\/\/audioconsulting.eu\/shop\/wp-content\/uploads\/2024\/12\/SPL_Authorized_Dealer_HiFi-200x200.jpg 200w, https:\/\/audioconsulting.eu\/shop\/wp-content\/uploads\/2024\/12\/SPL_Authorized_Dealer_HiFi-100x100.jpg 100w\" sizes=\"auto, (max-width: 247px) 100vw, 247px\" \/><\/p>\n<\/div>\n<\/div>\n<\/div>\n<\/div>\n<\/div>\n<\/div>\n<\/div>\n<\/div>\n","protected":false},"excerpt":{"rendered":"<p>Mittendrin \u2013 Mit gro\u00dfem Klang! Die mittlere SPL Stereo-Endstufe Performer s900 basiert in Punkto Komponentenauswahl sowie dem konzeptionellen Aufbau auf der gro\u00dfen SPL Performer\u00a0s1200 Stereo-Endstufe. Hier trifft klangliche Gr\u00f6\u00dfe auf Leistungsdaten die perfekt zu hochaufl\u00f6senden aber nicht \u00fcberm\u00e4\u00dfig leistungshungrigen Lautsprechern jeder Gr\u00f6\u00dfe passen. Mit einer Verst\u00e4rkerleistung von 2 x 370\u00a0W (4\u00a0\u03a9) [2 x 420\u00a0W (2\u00a0\u03a9); [&hellip;]<\/p>\n","protected":false},"featured_media":5428,"comment_status":"closed","ping_status":"closed","template":"","meta":[],"product_cat":[141],"product_tag":[],"class_list":{"0":"post-5427","1":"product","2":"type-product","3":"status-publish","4":"has-post-thumbnail","6":"product_cat-verstaerker","8":"first","9":"instock","10":"taxable","11":"shipping-taxable","12":"purchasable","13":"product-type-simple"},"_links":{"self":[{"href":"https:\/\/audioconsulting.eu\/shop\/wp-json\/wp\/v2\/product\/5427","targetHints":{"allow":["GET"]}}],"collection":[{"href":"https:\/\/audioconsulting.eu\/shop\/wp-json\/wp\/v2\/product"}],"about":[{"href":"https:\/\/audioconsulting.eu\/shop\/wp-json\/wp\/v2\/types\/product"}],"replies":[{"embeddable":true,"href":"https:\/\/audioconsulting.eu\/shop\/wp-json\/wp\/v2\/comments?post=5427"}],"wp:featuredmedia":[{"embeddable":true,"href":"https:\/\/audioconsulting.eu\/shop\/wp-json\/wp\/v2\/media\/5428"}],"wp:attachment":[{"href":"https:\/\/audioconsulting.eu\/shop\/wp-json\/wp\/v2\/media?parent=5427"}],"wp:term":[{"taxonomy":"product_cat","embeddable":true,"href":"https:\/\/audioconsulting.eu\/shop\/wp-json\/wp\/v2\/product_cat?post=5427"},{"taxonomy":"product_tag","embeddable":true,"href":"https:\/\/audioconsulting.eu\/shop\/wp-json\/wp\/v2\/product_tag?post=5427"}],"curies":[{"name":"wp","href":"https:\/\/api.w.org\/{rel}","templated":true}]}}