{"id":5191,"date":"2023-02-26T17:40:05","date_gmt":"2023-02-26T15:40:05","guid":{"rendered":"https:\/\/audioconsulting.eu\/shop\/?post_type=product&#038;p=5191"},"modified":"2024-12-01T20:36:31","modified_gmt":"2024-12-01T18:36:31","slug":"strauss-elektroakustik-se-mf-2-1","status":"publish","type":"product","link":"https:\/\/audioconsulting.eu\/shop\/produkt\/strauss-elektroakustik-se-mf-2-1\/","title":{"rendered":"Strauss Elektroakustik SE-MF 2.1"},"content":{"rendered":"<p>Das Strauss Flaggschiff &#8211; sicherlich einer der objektiv besten Lautsprecher der Welt mit Referenzen von Sony Music \u00fcber G\u00fcnther Pauler bis hinzu Max Planck Instituten.<br \/>\nVorf\u00fchrbereit in unserem Demostudio auf Burg Gr\u00fcnsberg!<\/p>\n<p>Passiver Masteringmonitor der allerh\u00f6chsten Qualit\u00e4tsstufe.<\/p>\n<p>2\u201d compression driver, metal alloy diaphragma, neodymium magnet circuit<br \/>\n15\u201d LIT woofer, coated paper cone, neodymium magnet circuit<\/p>\n<p>93 dB \/ 1 W \/ 1m<br \/>\n8 Ohm<br \/>\n200 W RMS<br \/>\n23 Hz \u2013 26 KHz (-\u00ad 6 dB)<br \/>\nCrossover frequency 400 Hz<br \/>\nTHD &lt; 0.3 % (93 dB \/ 1m \/ 100 Hz \u2013 26 KHz)<br \/>\nDispersion 90\u00b0 horizontal, 40\u00b0 vertical<br \/>\n110 kg \/ 220 lbs<br \/>\nheight 1200 mm<br \/>\nwidth 530 mm<br \/>\ndepth 490 mm<\/p>\n<p>Preis pro St\u00fcck.<\/p>\n<p>ACHTUNG: Bitte Lieferzeit erfragen!<\/p>\n","protected":false},"excerpt":{"rendered":"<p>Das Strauss Flaggschiff &#8211; sicherlich einer der objektiv besten Lautsprecher der Welt mit Referenzen von Sony Music \u00fcber G\u00fcnther Pauler bis hinzu Max Planck Instituten. Vorf\u00fchrbereit in unserem Demostudio auf Burg Gr\u00fcnsberg! Passiver Masteringmonitor der allerh\u00f6chsten Qualit\u00e4tsstufe. 2\u201d compression driver, metal alloy diaphragma, neodymium magnet circuit 15\u201d LIT woofer, coated paper cone, neodymium magnet circuit [&hellip;]<\/p>\n","protected":false},"featured_media":5395,"comment_status":"closed","ping_status":"closed","template":"","meta":[],"product_cat":[140,106],"product_tag":[],"class_list":{"0":"post-5191","1":"product","2":"type-product","3":"status-publish","4":"has-post-thumbnail","6":"product_cat-lautsprecher","7":"product_cat-strauss-elektroakustik","9":"first","10":"instock","11":"taxable","12":"shipping-taxable","13":"purchasable","14":"product-type-simple"},"_links":{"self":[{"href":"https:\/\/audioconsulting.eu\/shop\/wp-json\/wp\/v2\/product\/5191","targetHints":{"allow":["GET"]}}],"collection":[{"href":"https:\/\/audioconsulting.eu\/shop\/wp-json\/wp\/v2\/product"}],"about":[{"href":"https:\/\/audioconsulting.eu\/shop\/wp-json\/wp\/v2\/types\/product"}],"replies":[{"embeddable":true,"href":"https:\/\/audioconsulting.eu\/shop\/wp-json\/wp\/v2\/comments?post=5191"}],"wp:featuredmedia":[{"embeddable":true,"href":"https:\/\/audioconsulting.eu\/shop\/wp-json\/wp\/v2\/media\/5395"}],"wp:attachment":[{"href":"https:\/\/audioconsulting.eu\/shop\/wp-json\/wp\/v2\/media?parent=5191"}],"wp:term":[{"taxonomy":"product_cat","embeddable":true,"href":"https:\/\/audioconsulting.eu\/shop\/wp-json\/wp\/v2\/product_cat?post=5191"},{"taxonomy":"product_tag","embeddable":true,"href":"https:\/\/audioconsulting.eu\/shop\/wp-json\/wp\/v2\/product_tag?post=5191"}],"curies":[{"name":"wp","href":"https:\/\/api.w.org\/{rel}","templated":true}]}}