{"id":4307,"date":"2022-02-16T22:31:39","date_gmt":"2022-02-16T20:31:39","guid":{"rendered":"https:\/\/www.audioconsulting.eu\/shop\/shop\/produkt\/coneq-workshop-unlimited\/"},"modified":"2023-02-26T15:21:03","modified_gmt":"2023-02-26T13:21:03","slug":"coneq-workshop-unlimited","status":"publish","type":"product","link":"https:\/\/audioconsulting.eu\/shop\/produkt\/coneq-workshop-unlimited\/","title":{"rendered":"CONEQ Workshop Unlimited"},"content":{"rendered":"<table border=\"0\" width=\"725\" cellspacing=\"0\" cellpadding=\"3\">\n<tbody>\n<tr>\n<td align=\"left\" valign=\"top\" width=\"721\" height=\"73\">Voll funktionsf\u00e4hige Version der CONEQ\u2122 Workshop-Messoftware.\u00a0 Unbegrenzt g\u00fcltige Vollversion.<\/p>\n<p>Sie schickt einen \u00fcber den ganzen Frequenzbereich reichenden Sweep \u00fcber das zu messende System und erm\u00f6glicht so eine APEQ-Frequenzmessung, aus der das entsprechende Filter berechnet wird.<\/p>\n<p>Die Frequenzkurve kann zus\u00e4tzlich \u00fcber parametrische Equalizer an der pers\u00f6nlichen Geschmack angepasst und danach an kompatible Soft- oder Harpware (APEQ-Equalizer bzw. CONEQ\u2122-Plugins) \u00fcbermittelt werden.<\/p>\n<p><b>Features:<br \/>\n<\/b><\/p>\n<table border=\"0\" width=\"100%\" cellspacing=\"3\" cellpadding=\"0\">\n<tbody>\n<tr>\n<td valign=\"top\" width=\"60%\">Filter sampling frequency (kHz)<\/td>\n<td align=\"right\" valign=\"top\" width=\"40%\">0.5 \/ 1 \/ 2 \/ 8 \/ 16 \/ 32 \/ 44.1 \/ 48 \/ 88.2 \/ 96<\/td>\n<\/tr>\n<tr>\n<td valign=\"top\" width=\"60%\">Filter resolution (number of taps)<\/td>\n<td align=\"right\" valign=\"top\" width=\"40%\">1024 and 4096<\/td>\n<\/tr>\n<tr>\n<td valign=\"top\" width=\"60%\">Support for APEQ\u2122 hardware equalizers<\/td>\n<td align=\"right\" valign=\"top\" width=\"40%\">Yes<\/td>\n<\/tr>\n<tr>\n<td valign=\"top\" width=\"60%\">Support for CONEQ\u2122 P2\/P8\/P2pro\/P8pro plug-ins<\/td>\n<td align=\"right\" valign=\"top\" width=\"40%\">Yes<\/td>\n<\/tr>\n<tr>\n<td valign=\"top\" width=\"60%\">Support for CONEQ\u2122 COMPATIBLE third-party products<\/td>\n<td align=\"right\" valign=\"top\" width=\"40%\">Yes<\/td>\n<\/tr>\n<tr>\n<td valign=\"top\" width=\"60%\">Adjustable limits for maximum gain\/attenuation<\/td>\n<td align=\"right\" valign=\"top\" width=\"40%\">Yes<\/td>\n<\/tr>\n<tr>\n<td valign=\"top\" width=\"60%\">Parametric equalizer for defining target curve<\/td>\n<td align=\"right\" valign=\"top\" width=\"40%\">Yes<\/td>\n<\/tr>\n<tr>\n<td valign=\"top\" width=\"60%\">Graphic equalizer for defining target curve<\/td>\n<td align=\"right\" valign=\"top\" width=\"40%\">Yes<\/td>\n<\/tr>\n<tr>\n<td valign=\"top\" width=\"60%\">Custom target curve files<\/td>\n<td align=\"right\" valign=\"top\" width=\"40%\">Yes<\/td>\n<\/tr>\n<tr>\n<td valign=\"top\" width=\"60%\">Microphone calibration file support<\/td>\n<td align=\"right\" valign=\"top\" width=\"40%\">Yes<\/td>\n<\/tr>\n<tr>\n<td valign=\"top\" width=\"60%\">Composite (averaged) measurement<\/td>\n<td align=\"right\" valign=\"top\" width=\"40%\">Yes<\/td>\n<\/tr>\n<tr>\n<td valign=\"top\" width=\"60%\">Measurement from pre-recorded file<\/td>\n<td align=\"right\" valign=\"top\" width=\"40%\">Yes<\/td>\n<\/tr>\n<tr>\n<td valign=\"top\" width=\"60%\">Phase filters<\/td>\n<td align=\"right\" valign=\"top\" width=\"40%\">Linear \/ Minimum<\/td>\n<\/tr>\n<tr>\n<td valign=\"top\" width=\"60%\">Changeable smoothing (octave)<\/td>\n<td align=\"right\" valign=\"top\" width=\"40%\">1\/6 \/ 1\/3 \/ 1\/2 \/ 1<\/td>\n<\/tr>\n<tr>\n<td valign=\"top\" width=\"60%\">Changeable test signal periods<\/td>\n<td align=\"right\" valign=\"top\" width=\"40%\">4<\/td>\n<\/tr>\n<tr>\n<td valign=\"top\" width=\"60%\">Changeable time window<\/td>\n<td align=\"right\" valign=\"top\" width=\"40%\">8 + custom<\/td>\n<\/tr>\n<\/tbody>\n<\/table>\n<p>&nbsp;<\/td>\n<\/tr>\n<tr>\n<td align=\"left\" valign=\"top\" width=\"721\" height=\"73\"><img loading=\"lazy\" decoding=\"async\" src=\"http:\/\/www.rauschenbergstudio.com\/testyourmic\/TYMPics\/Coneq\/Workshop3_2_Mac.jpg\" alt=\"\" width=\"724\" height=\"474\" align=\"right\" border=\"0\" \/><\/td>\n<\/tr>\n<\/tbody>\n<\/table>\n","protected":false},"excerpt":{"rendered":"<p>Voll funktionsf\u00e4hige Version der Coneq Workshop Mess-Software. Unbegrenzt g\u00fcltige Vollversion. Windows oder Mac Version.<\/p>\n","protected":false},"featured_media":4759,"comment_status":"closed","ping_status":"closed","template":"","meta":[],"product_cat":[],"product_tag":[],"class_list":{"0":"post-4307","1":"product","2":"type-product","3":"status-publish","4":"has-post-thumbnail","7":"first","8":"onbackorder","9":"taxable","10":"shipping-taxable","11":"purchasable","12":"product-type-simple"},"_links":{"self":[{"href":"https:\/\/audioconsulting.eu\/shop\/wp-json\/wp\/v2\/product\/4307","targetHints":{"allow":["GET"]}}],"collection":[{"href":"https:\/\/audioconsulting.eu\/shop\/wp-json\/wp\/v2\/product"}],"about":[{"href":"https:\/\/audioconsulting.eu\/shop\/wp-json\/wp\/v2\/types\/product"}],"replies":[{"embeddable":true,"href":"https:\/\/audioconsulting.eu\/shop\/wp-json\/wp\/v2\/comments?post=4307"}],"wp:featuredmedia":[{"embeddable":true,"href":"https:\/\/audioconsulting.eu\/shop\/wp-json\/wp\/v2\/media\/4759"}],"wp:attachment":[{"href":"https:\/\/audioconsulting.eu\/shop\/wp-json\/wp\/v2\/media?parent=4307"}],"wp:term":[{"taxonomy":"product_cat","embeddable":true,"href":"https:\/\/audioconsulting.eu\/shop\/wp-json\/wp\/v2\/product_cat?post=4307"},{"taxonomy":"product_tag","embeddable":true,"href":"https:\/\/audioconsulting.eu\/shop\/wp-json\/wp\/v2\/product_tag?post=4307"}],"curies":[{"name":"wp","href":"https:\/\/api.w.org\/{rel}","templated":true}]}}