{"id":4164,"date":"2022-02-16T22:31:21","date_gmt":"2022-02-16T20:31:21","guid":{"rendered":"https:\/\/www.audioconsulting.eu\/shop\/shop\/produkt\/microtech-gefell-m-270-stereopaar\/"},"modified":"2023-03-09T18:59:11","modified_gmt":"2023-03-09T16:59:11","slug":"microtech-gefell-m-270-stereopaar","status":"publish","type":"product","link":"https:\/\/audioconsulting.eu\/shop\/produkt\/microtech-gefell-m-270-stereopaar\/","title":{"rendered":"Microtech Gefell M 270"},"content":{"rendered":"<p><span style=\"font-size: small;\">Das\u00a0 <strong>Microtech Gefell SMS 2000<\/strong> ist ein <b>Kleinmembran-Mikrofonsystem f\u00fcr allerh\u00f6chste Anspr\u00fcche<\/b>. <\/span><\/p>\n<p><span style=\"font-size: small;\">Der Mikrofonvorverst\u00e4rker besitzt eine neue transformatorlose Schaltung, die besonders niedriges Eigenrauschen und h\u00f6chste Aussteuerbarkeit garantiert. Zus\u00e4tzlich ist er mit einer schaltbaren 10-dB Vord\u00e4mpfung und einem Bassfilter f\u00fcr Nahbesprechung ausgestattet.<br \/>\nEin auf optimale \u00dcbertragungseigenschaften ausgelegtes Modulsystem erlaubt eine <b>besonders saubere und verf\u00e4rbungsarme Klang\u00fcbertragung<\/b>.<\/span><br \/>\n<span style=\"font-size: small;\"><br \/>\n<\/span><span style=\"font-size: small;\">Das Mikrofon ist wahlweise als <b>M200 (Nierenkapsel)<\/b>; <b>M210 (Supernierenkapsel)<\/b> oder <b>M270 (Kugelkapsel)<\/b> erh\u00e4ltlich; die Kapseln k\u00f6nnen ebenso wie umfangreiches Zubeh\u00f6r einzeln nachgekauft werden. Lieferung in Holzbox.<\/span><\/p>\n<p><strong>\u00a0<\/strong><\/p>\n","protected":false},"excerpt":{"rendered":"<p>Kleinmembran Kondensatormikrofon des Modulsystems SMS 2000 mit Kugelkapsel. Selektiertes Stereopaar.<\/p>\n","protected":false},"featured_media":4593,"comment_status":"closed","ping_status":"closed","template":"","meta":[],"product_cat":[],"product_tag":[],"class_list":{"0":"post-4164","1":"product","2":"type-product","3":"status-publish","4":"has-post-thumbnail","7":"first","8":"onbackorder","9":"taxable","10":"shipping-taxable","11":"purchasable","12":"product-type-simple"},"_links":{"self":[{"href":"https:\/\/audioconsulting.eu\/shop\/wp-json\/wp\/v2\/product\/4164","targetHints":{"allow":["GET"]}}],"collection":[{"href":"https:\/\/audioconsulting.eu\/shop\/wp-json\/wp\/v2\/product"}],"about":[{"href":"https:\/\/audioconsulting.eu\/shop\/wp-json\/wp\/v2\/types\/product"}],"replies":[{"embeddable":true,"href":"https:\/\/audioconsulting.eu\/shop\/wp-json\/wp\/v2\/comments?post=4164"}],"wp:featuredmedia":[{"embeddable":true,"href":"https:\/\/audioconsulting.eu\/shop\/wp-json\/wp\/v2\/media\/4593"}],"wp:attachment":[{"href":"https:\/\/audioconsulting.eu\/shop\/wp-json\/wp\/v2\/media?parent=4164"}],"wp:term":[{"taxonomy":"product_cat","embeddable":true,"href":"https:\/\/audioconsulting.eu\/shop\/wp-json\/wp\/v2\/product_cat?post=4164"},{"taxonomy":"product_tag","embeddable":true,"href":"https:\/\/audioconsulting.eu\/shop\/wp-json\/wp\/v2\/product_tag?post=4164"}],"curies":[{"name":"wp","href":"https:\/\/api.w.org\/{rel}","templated":true}]}}