{"id":4161,"date":"2022-02-16T22:31:17","date_gmt":"2022-02-16T20:31:17","guid":{"rendered":"https:\/\/www.audioconsulting.eu\/shop\/shop\/produkt\/microtech-gefell-m-300\/"},"modified":"2023-03-09T19:02:59","modified_gmt":"2023-03-09T17:02:59","slug":"microtech-gefell-m-300","status":"publish","type":"product","link":"https:\/\/audioconsulting.eu\/shop\/produkt\/microtech-gefell-m-300\/","title":{"rendered":"Microtech Gefell M 300"},"content":{"rendered":"<p><span style=\"font-size: small;\">Das M 300 ist der <b>g\u00fcnstigste Einstieg in die Qualit\u00e4tsliga von Microtech Gefell<\/b>. <\/span><\/p>\n<p><span style=\"font-size: small;\">Das in reiner Nierencharakteristik arbeitende Kondensatormikrofon bietet einen \u00fcber einen weiten Schalleinfallsbereich ebenen Fraquenzgang mit einer leichten Anhebung von ca. 3 dB zwischen 6 und 10 kHz. Dadurch ist das Mikrofon sowohl f\u00fcr Gesangs- und Instrumentalsolisten wie auch f\u00fcr Ensembleaufnahmen, <b>auch unter akustisch ung\u00fcnstigen Bedingungen<\/b>, gleichermassen geeignet.<\/span><\/p>\n<p><span style=\"font-size: small;\">Ein neuer, rauscharmer hochaussteuerbarer Impedanzwandler in Hybridtechnik und ein transformatorloses Schaltungskonzept garantieren niedriges Eigenrauschen, hohe \u00dcbersteuerungsfestigkeit und h\u00f6chste Zuverl\u00e4ssigkeit. <\/span><strong>Eins der besten Kleinmembranmikrofone am Markt!<\/strong><\/p>\n<p><span style=\"font-size: small;\">Lieferung in dunkel bronze in Holzbox.<\/span><\/p>\n","protected":false},"excerpt":{"rendered":"<p>Kleinmembran Kondensatormikrofon h\u00f6chster Qualit\u00e4t mit Nierenkapsel.<\/p>\n","protected":false},"featured_media":4590,"comment_status":"closed","ping_status":"closed","template":"","meta":[],"product_cat":[],"product_tag":[],"class_list":{"0":"post-4161","1":"product","2":"type-product","3":"status-publish","4":"has-post-thumbnail","7":"first","8":"onbackorder","9":"taxable","10":"shipping-taxable","11":"purchasable","12":"product-type-simple"},"_links":{"self":[{"href":"https:\/\/audioconsulting.eu\/shop\/wp-json\/wp\/v2\/product\/4161","targetHints":{"allow":["GET"]}}],"collection":[{"href":"https:\/\/audioconsulting.eu\/shop\/wp-json\/wp\/v2\/product"}],"about":[{"href":"https:\/\/audioconsulting.eu\/shop\/wp-json\/wp\/v2\/types\/product"}],"replies":[{"embeddable":true,"href":"https:\/\/audioconsulting.eu\/shop\/wp-json\/wp\/v2\/comments?post=4161"}],"wp:featuredmedia":[{"embeddable":true,"href":"https:\/\/audioconsulting.eu\/shop\/wp-json\/wp\/v2\/media\/4590"}],"wp:attachment":[{"href":"https:\/\/audioconsulting.eu\/shop\/wp-json\/wp\/v2\/media?parent=4161"}],"wp:term":[{"taxonomy":"product_cat","embeddable":true,"href":"https:\/\/audioconsulting.eu\/shop\/wp-json\/wp\/v2\/product_cat?post=4161"},{"taxonomy":"product_tag","embeddable":true,"href":"https:\/\/audioconsulting.eu\/shop\/wp-json\/wp\/v2\/product_tag?post=4161"}],"curies":[{"name":"wp","href":"https:\/\/api.w.org\/{rel}","templated":true}]}}